-111 + 11?
-100
In base 16, what is 214 - -4?
218
In base 6, what is -123 - -143?
20
In base 7, what is -2 + 10550?
10545
In base 14, what is 19 + 29?
44
In base 8, what is 411 - -2?
413
In base 12, what is 1 - 10?
-b
In base 6, what is -33 - -4?
-25
In base 5, what is -11 + 32?
21
In base 8, what is -6 - -623?
615
In base 4, what is 20 - -20?
100
In base 7, what is -24 - 604?
-631
In base 15, what is -36 + -25?
-5b
In base 6, what is 211 - -244?
455
In base 10, what is 99 + -7?
92
In base 16, what is 0 - 1caa?
-1caa
In base 14, what is -848 + -5?
-84d
In base 6, what is -2 - -510?
504
In base 15, what is -2 + -1d?
-20
In base 16, what is 5 + 6c0?
6c5
In base 4, what is 1000 + 0?
1000
In base 2, what is 10001000101 + 100?
10001001001
In base 13, what is 1 + 31?
32
In base 16, what is 12 + 29?
3b
In base 5, what is 3 - 204?
-201
In base 15, what is -1d6 - 2?
-1d8
In base 3, what is -10 + 212?
202
In base 3, what is -101210 - 10?
-101220
In base 15, what is 147 + 5?
14c
In base 6, what is -5 - 1244?
-1253
In base 10, what is 37 + 30?
67
In base 6, what is 2 + -4122?
-4120
In base 5, what is 232 + 12?
244
In base 10, what is -10 + -141?
-151
In base 15, what is 0 - 0?
0
In base 3, what is 0 + 2202?
2202
In base 6, what is 15141 - -2?
15143
In base 8, what is 2115 - 5?
2110
In base 12, what is 5 - -30?
35
In base 12, what is -97a + -3?
-981
In base 8, what is -47 + 3?
-44
In base 2, what is -100000001111 - -101?
-100000001010
In base 13, what is -48 + 1b?
-2a
In base 4, what is 1 - -21?
22
In base 10, what is 187 + 5?
192
In base 2, what is -1010111 + -101?
-1011100
In base 2, what is 0 + 110001?
110001
In base 14, what is 4b + 108?
155
In base 16, what is 10f0 - -4?
10f4
In base 13, what is -15a - 5?
-162
In base 2, what is -1101 - -111?
-110
In base 2, what is 0 - -111?
111
In base 4, what is 1321 + -110?
1211
In base 15, what is -98 - 17?
-b0
In base 2, what is -11111 - -110?
-11001
In base 16, what is -5 - 4?
-9
In base 8, what is 4 - -2000?
2004
In base 8, what is 7 + 1105?
1114
In base 4, what is -2131 - -112?
-2013
In base 2, what is -101 - -1100011?
1011110
In base 7, what is -1213 + -2?
-1215
In base 9, what is 10 + 50?
60
In base 13, what is c + 9b?
aa
In base 15, what is -2 + -75?
-77
In base 16, what is -1e + -8?
-26
In base 10, what is 538 - 1?
537
In base 16, what is 189 + 5?
18e
In base 3, what is -101021 - 1?
-101022
In base 2, what is 110011011 + 1110?
110101001
In base 6, what is 5 - 354?
-345
In base 4, what is 12300 - 3?
12231
In base 11, what is 6040 - -4?
6044
In base 8, what is -2 - 76?
-100
In base 6, what is -14 - 405?
-423
In base 2, what is -100111100010 - 11?
-100111100101
In base 2, what is -101 + -10?
-111
In base 3, what is 200 + -112?
11
In base 3, what is 200112 + -11?
200101
In base 5, what is 31 + -103?
-22
In base 11, what is 6 - 132a?
-1324
In base 10, what is -5163 + 2?
-5161
In base 16, what is 28d + 6?
293
In base 16, what is 32c4 + 5?
32c9
In base 8, what is -1 + 757?
756
In base 16, what is 5 - 32?
-2d
In base 6, what is 0 - -301?
301
In base 12, what is -10a + 0?
-10a
In base 9, what is 152 - 13?
138
In base 5, what is -4 - 11124?
-11133
In base 13, what is 2 - -5c?
61
In base 12, what is -15 + 5?
-10
In base 10, what is 32 - 225?
-193
In base 14, what is 55 + 2?
57
In base 4, what is -11 + 100?
23
In base 6, what is -1034 + 30?
-1004
In base 8, what is -2 + -313?
-315
In base 6, what is 233 - 11?
222
In base 11, what is 957 - 1?
956
In base 8, what is 3 - 106?
-103
In base 6, what is -10 - -355?
345
In base 2, what is -100001111 + -11000?
-100100111
In base 4, what is -22 - -101?
13
In base 7, what is 1231 - -53?
1314
In base 2, what is 10111111100 - -100?
11000000000
In base 5, what is 3 - -3434?
3442
In base 12, what is 1600 + 2?
1602
In base 3, what is -1012 + 0?
-1012
In base 11, what is -4a7 + -3?
-4aa
In base 6, what is 1442 + 14?
1500
In base 16, what is -8 + 65?
5d
In base 8, what is 4 + -62?
-56
In base 4, what is -23 + 121133?
121110
In base 13, what is 52 - 23b?
-1b9
In base 4, what is -2 + -1022010?
-1022012
In base 4, what is -2131320 + -3?
-2131323
In base 4, what is -1 - -122?
121
In base 2, what is -10100000111000 - -10?
-10100000110110
In base 9, what is -21 + 10?
-11
In base 5, what is 2 - 144?
-142
In base 2, what is 10101000110 + 101?
10101001011
In base 4, what is -2 + -23?
-31
In base 3, what is 2020 - 101122?
-22102
In base 6, what is -124 - 2?
-130
In base 12, what is 9 + 1ba?
207
In base 8, what is -3736 + -1?
-3737
In base 12, what is 5 - 294?
-28b
In base 14, what is -45 - -16?
-2d
In base 4, what is -10 - 1102?
-1112
In base 6, what is 4220 + -5?
4211
In base 3, what is 10220 - -1?
10221
In base 7, what is -2 - -46?
44
In base 12, what is -5 + 49?
44
In base 9, what is 14 + 16?
31
In base 11, what is -43 - -59?
16
In base 14, what is -5 - 55?
-5a
In base 10, what is 1 + -19?
-18
In base 8, what is -1062 + 10?
-1052
In base 2, what is -11 - 100011011?
-100011110
In base 16, what is -4 + 101?
fd
In base 15, what is 2c7 + -3?
2c4
In base 15, what is 19d9 + -5?
19d4
In base 10, what is -1 + 748?
747
In base 7, what is -2 + -152?
-154
In base 3, what is 1001 - -20?
1021
In base 5, what is 144131 + -10?
144121
In base 6, what is -5 + 40?
31
In base 15, what is -3 - -25?
22
In base 8, what is -273 + 3?
-270
In base 8, what is 105335 - 3?
105332
In base 9, what is -2 + 57?
55
In base 5, what is 2 - -1142?
1144
In base 7, what is -4 - -5110?
5103
In base 15, what is 0 - -57?
57
In base 2, what is -1010100001 + -1?
-1010100010
In base 4, what is -13 - -323?
310
In base 2, what is 0 - -1001010?
1001010
In base 4, what is -1303 - -113?
-1130
In base 11, what is 300a - 3?
3007
In base 11, what is 1 - -29?
2a
In base 8, what is -5 + 3005?
3000
In base 5, what is -313 - -1?
-312
In base 5, what is -3003 + -1?
-3004
In base 2, what is 1100100101100 + 11?
1100100101111
In base 4, what is 3 - 11022?
-11013
In base 9, what is 4 - -61?
65
In base 15, what is 2b7 + 1?
2b8
In base 10, what is 24 + -93?
-69
In base 10, what is 611 - -14?
625
In base 15, what is 5 - 93?
-8d
In base 6, what is 0 + 130?
130
In base 13, what is -6 - 2?
-8
In base 16, what is -4d94 - -2?
-4d92
In base 12, what is -49 + 4?
-45
In base 10, what is 11 + -521?
-510
In base 2, what is -101 + -10110?
-11011
In base 5, what is -1410 + 42?
-1313
In base 9, what is 275 - 1?
274
In base 7, what is -3354 - 2?
-3356
In base 16, what is -bb - -67?
-54
In base 7, what is -20 + -16?
-36
In base 15, what is ac - -4?
b1
In base 5, what is 12 - 21?
-4
In base 16, what is 2 - -3e?
40
In base 8, what is 5 + 7037?
7044
In base 12, what is 23 - 2?
21
In base 15, what is 88 + d?
96
In base 4, what is -101113 - 0?
-101113
In base 8, what is 5 - 34?
-27
In base 16, what is -31 + 4?
-2d
In base 7, what is 140 - 4?
133
In base 12, what is -a + 7a?
70
In base 10, what is -48 - -128?
80
In base 7, what is -24 - 26?
-53
In base 5, what is -200240 + -3?
-200243
In base 5, what is -1 - 1232?
-1233
In base 14, what is -18b5 + 0?
-18b5
In base 15, what is 5 - -25a?
260
In base 9, what is -61 + 86?
25
In base 10, what is 2 - 2?
0
In base 5, what is -1320 + -30?
-1400
In base 6, what is -353 + -4?
-401
In base 9, what is 687 - 11?
676
In base 4, what is 33132 - 23?
33103
In base 14, what is -1 - 1763?
-1764
In base 13, what is 1 + 975?
976
In base 2, what is 0 + 111010?
111010
In base 10, what is -3070 + -1?
-3071
In base 9, what is -686 + 1?
-685
In base 4, what is -201 - 2?
-203
In base 16, what is 4a - a?
40
In base 3, what is -21 - 2001?
-2022
In base 10, what is 5 - 59?
-54
In base 16, what is -91 - 6?
-97
In base 13, what is 3c + 1c?
5b
In base 5, what is -20123 - 1?
-20124
In base 5, what is -101334 + -3?
-101342
In base 3, what is 110 - -1021?
1201
In base 7, what is -211 - -3?
-205
In base 16, what is 20 - -61?
81
In base 11, what is -4 - 295?
-299
In base 13, what is -15 - -12?
-3
In base 10, what is -2563 - -2?
-2561
In base 13, what is 12 - 6?
9
In base 14, what is 33 - -98?
cb
In base 2, what is 1 - -1000011?
1000100
In base 3, what is -1222101 + 10?
-1222021
In base 4, what is 3 - -100001?
100010
In base 14, what is 10 + -1?
d
In base 16, what is 1 - -4?
5
In base 13, what is 86 - a?
79
In base 5, what is 213 + 11?
224
In base 8, what is